is -147 - -816072?
815925
In base 5, what is 2422142 - 3410?
2413232
In base 4, what is 313331 - -3111311?
10031302
In base 16, what is -1 - -ea5f7f?
ea5f7e
In base 12, what is -1 - -15aab40b?
15aab40a
In base 8, what is 1166 - 13574024?
-13572636
In base 9, what is 502 - 182357?
-181755
In base 9, what is -4 - 526504278?
-526504283
In base 14, what is -707960 - -1a?
-707944
In base 2, what is 11 + -111111000111100111101?
-111111000111100111010
In base 11, what is -8 - 23086396?
-230863a3
In base 6, what is 2510225 + -3414?
2502411
In base 6, what is 22015115350 - 4?
22015115342
In base 13, what is 2 + -64450a7?
-64450a5
In base 8, what is -3325 - 237?
-3564
In base 10, what is -608 + -95444?
-96052
In base 11, what is 60323 + 13?
60336
In base 12, what is 5 - 2214155?
-2214150
In base 14, what is -1 + 8b2d1?
8b2d0
In base 8, what is -607157267 + 5?
-607157262
In base 4, what is 10022 + 1120221321?
1120232003
In base 12, what is 14819 + 66?
14883
In base 10, what is 35446657 - -4?
35446661
In base 5, what is -2402033 - -20102?
-2331431
In base 16, what is 10b94c90 + 5?
10b94c95
In base 8, what is -15 + -4452276?
-4452313
In base 11, what is -636 - -37a3a?
37404
In base 14, what is 4 + 6771741?
6771745
In base 13, what is 16a00850 - -4?
16a00854
In base 11, what is -16 - -215459?
215443
In base 9, what is 16 - 11448030?
-11448013
In base 11, what is 3a039667 - -3?
3a03966a
In base 15, what is -91c5 - 17d9?
-a9ae
In base 15, what is c913a + -17?
c9123
In base 3, what is 200122112000 - 201?
200122111022
In base 13, what is 0 - a38008?
-a38008
In base 14, what is -10d6d + 184?
-10bc9
In base 14, what is -14b7c8d + 1c?
-14b7c71
In base 6, what is 22321 - 123032?
-100311
In base 4, what is 302313113 - 10103?
302303010
In base 9, what is -228 + 1633735?
1633506
In base 6, what is 201313504 + 1?
201313505
In base 3, what is -10202 - -1011122020?
1011111111
In base 4, what is 2232010110013 - -1?
2232010110020
In base 9, what is 41246 + 166?
41423
In base 5, what is 1 + 123131013041?
123131013042
In base 11, what is -2926326 + -2?
-2926328
In base 2, what is -11100111010110101101100100 + -101?
-11100111010110101101101001
In base 12, what is 417a + 1b18?
6096
In base 16, what is 6e - 145e?
-13f0
In base 11, what is 12a13804 + -4?
12a13800
In base 2, what is 101001101 + 10011000100110011?
10011001010000000
In base 7, what is -30 - -36232462?
36232432
In base 11, what is -43717 - 1034?
-44750
In base 14, what is -12 + -1a65471?
-1a65483
In base 5, what is -3 + -11332000320?
-11332000323
In base 9, what is -1455602186 - 1?
-1455602187
In base 6, what is 1001 - -2141202?
2142203
In base 13, what is 148648c - -a2?
1486561
In base 3, what is 202 + -1210100122011011?
-1210100122010102
In base 15, what is -73 - 199578?
-1995eb
In base 3, what is -100102 - -1001111102?
1001011000
In base 16, what is -33511 - -5a?
-334b7
In base 14, what is -a7a + 355?
-725
In base 13, what is 127 - 2186?
-205c
In base 2, what is 101101010 - -11101001011010001?
11101010000111011
In base 7, what is -1304103 + -212?
-1304315
In base 13, what is -5 - -8072b9?
8072b4
In base 2, what is 11000111000001100 + 1011110?
11000111001101010
In base 9, what is -25 + 221362?
221336
In base 3, what is -1 - 21222210221120?
-21222210221121
In base 13, what is -2550 - 186b9?
-1ac39
In base 13, what is -4 + 29a8b01?
29a8aca
In base 15, what is 121b082 - a7?
121aeca
In base 8, what is 2101133 - -113?
2101246
In base 7, what is -222 + -2236441?
-2236663
In base 10, what is 65815768 + -2?
65815766
In base 15, what is 6a793 - 424?
6a36e
In base 9, what is 2 - 2233366?
-2233364
In base 6, what is 20514 + 1345324?
1410242
In base 15, what is -1b - 81ed?
-8219
In base 3, what is 1012210012221011 + -10?
1012210012221001
In base 5, what is 4 - -223222333111?
223222333120
In base 9, what is -18754 + -1146?
-21011
In base 3, what is 111220 - -2222221220?
10000110210
In base 7, what is -1660 - 605346?
-610336
In base 9, what is -440 - -372466?
372026
In base 3, what is -11010122 + -102211222?
-120222121
In base 15, what is -a09 + -7517?
-8021
In base 12, what is ba55 - 105?
b950
In base 2, what is 1000 + -111011101001101011111011?
-111011101001101011110011
In base 5, what is 4 + -241431330?
-241431321
In base 4, what is -313223232113 + 310?
-313223231203
In base 10, what is 495336 + -7?
495329
In base 6, what is -124 + 45054314?
45054150
In base 14, what is -145 + 17dcbb?
17db76
In base 14, what is 5a4aa + 481?
5a94b
In base 9, what is 5732325 + -5?
5732320
In base 11, what is -831013 + -47?
-83105a
In base 5, what is 0 - 2140133143?
-2140133143
In base 9, what is -628032 - -85?
-627836
In base 10, what is -5256645 + -1?
-5256646
In base 2, what is -100100000001110011 - -11011011100?
-100011100110010111
In base 5, what is 1411 - 12331404?
-12324443
In base 5, what is 42100322 - 214?
42100103
In base 10, what is -4 + 494630?
494626
In base 12, what is -a02 + -43a5?
-51a7
In base 15, what is 24a4585 - 6?
24a457e
In base 11, what is -4a86 - -9a0a?
4a34
In base 11, what is -5a80a48 - -2?
-5a80a46
In base 16, what is b - 7bce69?
-7bce5e
In base 12, what is -62b227 - -7?
-62b220
In base 10, what is 107114098 - -1?
107114099
In base 5, what is 244141 + -40?
244101
In base 9, what is -18342 + -116?
-18458
In base 3, what is -212 - 100021100122?
-100021101111
In base 2, what is 1110010010001101001000 - 1101011?
1110010010001011011101
In base 4, what is -11 - 1223333331233?
-1223333331310
In base 12, what is 47 - -32a76?
32b01
In base 10, what is 8257140 - -3?
8257143
In base 5, what is 2144 - 1002034?
-444340
In base 2, what is -1101010100101000 + -1110111110?
-1101100011100110
In base 2, what is 101011 + 11001111010110001001?
11001111010110110100
In base 2, what is 10101011010 + 1010001110010?
1100111001100
In base 3, what is 2001221201201 + -212?
2001221200212
In base 4, what is -2012102213001 - 22?
-2012102213023
In base 8, what is -2 + 667675625?
667675623
In base 3, what is 10102212102200102 + 2?
10102212102200111
In base 16, what is 1cdb1f + da?
1cdbf9
In base 11, what is 102925 - 22?
102903
In base 15, what is -23767 - -ea6?
-227b1
In base 5, what is -20141 - -33220443?
33200302
In base 7, what is -230 + 16216026?
16215466
In base 4, what is 1033 + -3100222303?
-3100221210
In base 6, what is -10411054 - -155?
-10410455
In base 14, what is -1499 - b33d?
-c7d8
In base 15, what is 39 - -1dc801?
1dc83a
In base 8, what is 5 + -301053536?
-301053531
In base 15, what is -38 - 2e68d?
-2e6c6
In base 9, what is 1451166 + -63?
1451103
In base 6, what is 3401012 - 33?
3400535
In base 10, what is 3487744 + 74?
3487818
In base 3, what is 0 - 22022202101121?
-22022202101121
In base 12, what is a9 - -b58610?
b586b9
In base 11, what is -2 - 75a2?
-75a4
In base 2, what is -111100000111111101000 - 100?
-111100000111111101100
In base 14, what is -dac2 - -17?
-daa9
In base 5, what is -23 - -331034042?
331034014
In base 11, what is 43 + -225689?
-225646
In base 2, what is 10000100101010110 + 101111010?
10000101011010000
In base 2, what is 1100011101000011 - 10?
1100011101000001
In base 10, what is 4891034 + -151?
4890883
In base 13, what is -7c + 2130b7?
213038
In base 11, what is -4 - -3a85a776?
3a85a772
In base 11, what is 319 + -340a?
-30a1
In base 15, what is 1 - 49ad14e?
-49ad14d
In base 9, what is -8 + 245344213?
245344204
In base 15, what is -119 - 3714e?
-37268
In base 16, what is 0 - -2485903?
2485903
In base 7, what is -1403545030 - 1?
-1403545031
In base 13, what is 75c2bb1 + 0?
75c2bb1
In base 13, what is -11 + -ca5b7c?
-ca5b90
In base 14, what is -1 - -b59270?
b5926d
In base 2, what is 10000010001101010 + 1010000?
10000010010111010
In base 11, what is -846 + -53690?
-54426
In base 6, what is -1341123534 + -4?
-1341123542
In base 5, what is -10 + 31044130111?
31044130101
In base 16, what is -5b925 + -e?
-5b933
In base 10, what is 1 - -49874604?
49874605
In base 3, what is 2121010002011011 - -2?
2121010002011020
In base 12, what is -721b5 + -240?
-72435
In base 13, what is -15 + 39c00?
39bb8
In base 10, what is 58 + -152200?
-152142
In base 4, what is -111232123322 - -13?
-111232123303
In base 4, what is 210310003210 + -10?
210310003200
In base 2, what is -1101 + -11011111110001001?
-11011111110010110
In base 14, what i